o(0).
-6
Let b(o) = 23*o**3 + 2*o**2 - o. Let l(s) = -s**3 + 11*s + 7. Let u be l(-3). What is b(u)?
24
Let d(h) = 2*h. Let w be d(1). Let y(b) = 0*b + w + b + 0. Let o = 8 - 5. Give y(o).
5
Let z(f) = f - 6. Let a(v) = -4*v + 19. Let u(c) = -2*a(c) - 7*z(c). Suppose 4*p + w = 9*p + 25, -2*p - 10 = -3*w. Calculate u(p).
-1
Let y(i) = i**2 + 3*i - 2. Let x be y(-3). Let t(p) be the second derivative of -p**3/3 + p - 60. Determine t(x).
4
Let r be (-920)/(-220) + (-4)/22. Let v(g) be the third derivative of 1/12*g**5 + 0*g - 5/6*g**3 + 0 - 1/120*g**6 - 1/8*g**r + 2*g**2. Calculate v(4).
-1
Let h(y) be the third derivative of -y**6/120 + y**5/10 - 5*y**4/24 - y**3/3 + 4*y**2. Determine h(5).
-2
Let c(d) = 2 - 2 + 6*d**2 - 1. Let u = 147 + -146. Give c(u).
5
Let k(v) = -v**2 - 5*v + 3. Let o(q) = -q**2 + 8*q - 6. Let h be (8/3 - 2)*12. Let s be o(h). Let z be k(s). Let g(l) = -l**2 - l - 4. Determine g(z).
-10
Let d(g) = -g - g**2 + 0*g - 4 + 1 + 2. Let r(u) = 2*u**2 - 3*u - 3. Let b(a) = 2*d(a) - r(a). Calculate b(-1).
-4
Let f(q) = 3*q + 21. Let g be f(-9). Let d(u) = u**3 + 6*u**2 - 1. Calculate d(g).
-1
Let f = 4 - 6. Let t be (-2 - -2 - -1)*2. Let j(o) = -2*o + 4*o - 4*o + 3*o + t. Determine j(f).
0
Let t(r) be the first derivative of r**4/4 + r**3 + 2*r**2 + 3*r - 31. Determine t(-2).
-1
Let c(w) = 6*w**3 - w + 1. Suppose 0 = -4*b + 4*j + 2 + 18, -3*b + 15 = 3*j. Suppose 3*g - b = -2*g. Give c(g).
6
Let i(y) be the first derivative of 1 + 0*y - 1/3*y**3 + 5/2*y**2. Let h(j) = -2*j + 10. Let p be h(3). Give i(p).
4
Suppose -3*o + 12 = -0*o, 5*o = 3*b + 62. Let t = 10 + b. Let y(d) = -d**2 - 5*d - 5. Calculate y(t).
-1
Let v = -17 - -16. Let p(z) = 6*z**3 - z**2 + z + 1. Determine p(v).
-7
Let x(z) = 7*z**3 - 6*z**2 + 14*z - 7. Let o(r) = -r**3 - r. Let m(v) = -6*o(v) - x(v). Suppose 2*t = -5*s - 20, 2*t - 18 = 4*s + 4*t. Let l = s + 7. Give m(l).
-8
Let m(f) = -f**3 + 5*f**2 + 4*f. Suppose y + 4*k - 9 = 0, 7*y + 4*k - 60 = 3*y. Suppose 2*l = a + 17, y = -4*l + 3*a + 56. What is m(l)?
-12
Suppose 0 = m - f + 4, -m - 3 = -2*f - 1. Let l = -3 - m. Let t(z) = 2 - 5*z + 5*z**3 - 10*z**3 + 4*z**3 + 4*z**2. Calculate t(l).
-4
Suppose -11 = -4*h + 13. Let k(n) = n**3 - 7*n**2 + 6*n + 2. What is k(h)?
2
Suppose -z = -3*z + 4. Let w(l) = -l**3 + 2*l**2 + 2*l - 2. What is w(z)?
2
Let n(c) = -c + 2. Let g be n(4). Let t(u) = -2*u**3 + 1 - 4 + 1 + 5*u + u**2. Let q(m) = -m**3 + m**2 + 2*m - 1. Let y(h) = g*t(h) + 5*q(h). Determine y(3).
-1
Let y(v) = -1. Let h(c) = -c**2 + 5*c + 3. Let o(g) = h(g) - 3*y(g). Let d(a) = 5*a**2 - a + 1. Let j be d(1). What is o(j)?
6
Let g(p) = 7 - 2 + 1 - 2*p - 2. Calculate g(5).
-6
Let y(q) = -q**3 - 2*q**2 + q - 1. Let j(d) = -d**2 + 8*d - 1. Let a be j(7). Let s be 1/(-1 + a/9). Calculate y(s).
5
Let p(v) be the third derivative of 0 - 1/60*v**5 - v**2 + 0*v + 1/6*v**3 + 1/8*v**4. Determine p(4).
-3
Let z(k) be the first derivative of k**3/3 - 7*k**2/2 + 9*k + 12. Give z(6).
3
Let g(h) be the first derivative of h**4/4 - 2*h**3 + 2*h**2 - h - 2. Suppose -28*a - 15 = -31*a. Determine g(a).
-6
Let w(c) be the second derivative of c**5/20 + c**4/12 - c**3/6 + c**2/2 + 18*c. Let n be 2*(0/1 + -1). Let v be n/6 - (-1)/3. Calculate w(v).
1
Let y(f) be the second derivative of f**3/2 - f**2 + 8*f. Give y(-2).
-8
Let j(q) = q + 4. Suppose -2 = -2*s, -3*a + 6*a = -5*s + 23. Determine j(a).
10
Suppose -r = -0*r. Let g(d) = -2 + r - d + 4. What is g(0)?
2
Let v(h) be the second derivative of -h + 1/6*h**4 + 2/3*h**3 + 0 - 1/20*h**5 - 1/2*h**2. Give v(3).
2
Let c(n) = n**3 - 9*n**2 + 9*n - 12. Let w be c(8). Let m be w/(-1 - 3/(-9)). Suppose 2*b + 16 = m*b. Let k(o) = -o**2 + 5*o. What is k(b)?
4
Suppose -3*g = -4*v - 4, -5*g = -5*v - 0*v - 5. Let p(m) = -4*m - 1. Calculate p(v).
3
Let l(z) = -z**2 - 4*z + 5. Suppose 0 = -k + 5*k + 20. Give l(k).
0
Let a = 6 - 7. Let y(j) be the third derivative of 0*j + 3/20*j**5 + 2*j**2 - 1/6*j**3 - 1/12*j**4 + 0. Calculate y(a).
10
Let g(p) be the second derivative of 1/3*p**3 + 3/2*p**2 - p + 0 - 1/24*p**4. Let o(t) be the first derivative of g(t). What is o(0)?
2
Suppose 11*k - 6*k = -25. Let u(g) = -g**3 - 5*g**2 - 3*g - 6. Calculate u(k).
9
Let q(i) be the third derivative of -2/3*i**3 + 0*i + 0 - i**2 - 1/24*i**4. Let h(p) = -p**2 - 6*p. Let x be h(-6). Determine q(x).
-4
Suppose -3*g = -0*n + n - 8, 2*n - 5*g + 39 = 0. Let t = n + 12. Let b(l) = -l**2 + 5*l + 2. Give b(t).
2
Let t(o) = -o + 1. Let f(s) = -6*s + 15. Let y(x) = f(x) - 9*t(x). Calculate y(-4).
-6
Let z(s) = -s - 2. Let l(r) = -3*r - 5. Let f be (9/(-6))/(3/(-30)). Let o(t) = f*z(t) - 6*l(t). Let y(n) = n**2 - 4*n + 4. Let m be y(3). Calculate o(m).
3
Let y(t) = -10*t**2 + 73*t**3 - 35*t**3 + 0 - 39*t**3 - 8*t + 8. Determine y(-9).
-1
Let x(y) = 7 + 5*y - y**2 - 1 + 0. Suppose 29 - 6 = 3*m + 2*k, 4*m - 5*k = 0. Calculate x(m).
6
Let n(d) = -2*d**2 - 16*d - 3. Let y be n(-8). Let z(o) = -2*o + 1. Calculate z(y).
7
Suppose 5*x + 22 - 2 = 0. Let p(g) = 3*g + 5. Calculate p(x).
-7
Let r(z) = -2*z - 6. Let c be r(-3). Let w(o) = -o**3 - 7. Calculate w(c).
-7
Let o = -14 + 16. Let f be -2 + o + 0 + 1. Let j(s) = -2*s**2 + 1. Calculate j(f).
-1
Suppose 3*g = 2*c + 12, c + 4 = g - 0*g. Let z be (-5 - c)*6/(-10). Let k be (-3 - -4)/((-1)/z). Let q(p) = p - 1. Determine q(k).
-4
Suppose 26*j = 25*j - 5. Let o be (-6)/(-4)*4/(-3). Let l be 2/(1*o/j). Let n(h) = -h. Give n(l).
-5
Let g(v) = -v**3 - 5*v**2 + 2*v + 7. Let n be g(-5). Let l = 6 + n. Let a(u) = -u**3 + 3*u**2 + 1. Let j be a(l). Let z(r) = -2*r**2. Determine z(j).
-2
Let t(v) be the second derivative of v**3/6 + v**2/2 + 8*v. Give t(6).
7
Let n(u) be the second derivative of 5*u**3/2 - u**2/2 - 38*u. Calculate n(-1).
-16
Let c(y) = y**3 - 4*y**2 - 5. Let m(w) be the first derivative of -w**4/4 + 4*w - 3. Let l be m(0). Give c(l).
-5
Let r = 12 - 9. Let i(n) = -n**3 - 5*n**2 + r*n**2 + 1 - 3*n**2. Give i(-5).
1
Let d be -1 + 0*(-1)/3. Let l(c) be the third derivative of -c**8/10080 + c**5/60 - 2*c**2. Let j(y) be the third derivative of l(y). Give j(d).
-2
Let j be 15*-3*(-1)/3. Suppose -p + j = -4*p. Let m = 7 + p. Let c(s) = s**3 - 2*s**2 + 2*s - 1. Give c(m).
3
Let t(d) = 4*d. Let a(g) = -9*g. Let l(k) = -3*a(k) - 7*t(k). Suppose x = -3*x - 20. Let w(m) = m**2 + 7. Let c(f) = x*l(f) - w(f). What is c(5)?
-7
Let c(w) be the third derivative of w**4/12 + w**3/3 + w**2. Let r(m) = -m. Let v be r(4). Let j be 12/v + 1 + -1. Determine c(j).
-4
Suppose 7*o - 3*o = 3*j + 1, -5*o = -2*j - 3. Let s(l) = -4*l**3 - l**2 + 1. What is s(o)?
-4
Let o(s) = 4*s - 1. Let b = -29 + 28. Give o(b).
-5
Let x be 10/(-20) + 9/2. Suppose 7*b = -3 - x. Let l(r) = 2*r**2 + 2*r + 1. Determine l(b).
1
Let b(d) be the third derivative of -d**5/60 - d**4/4 + d**3/2 + 12*d**2 + 2*d. What is b(-6)?
3
Let o(h) be the second derivative of -h**4/12 - h**2/2 - 8*h. Determine o(2).
-5
Let p be (-2 - -1)*0/(-5). Let j(x) = -2*x**2 + x - 1 + p*x + 0*x. Give j(1).
-2
Let v(z) = -2 - 2*z - z + 6 + 4. Suppose -3*x + 18 = -0*x. Calculate v(x).
-10
Suppose 5*c - 20 = -5*t, 63 = 3*c - 3*t + 21. Let l be ((-10)/15)/(2/c). Let w(p) = -p. Determine w(l).
3
Suppose 34*t + 30 = 29*t. Let m(c) = c**2 + 6*c + 6. Give m(t).
6
Suppose -10*n + 11*n = 12. Let j(u) = u**3 - 11*u**2 - 12*u - 6. Calculate j(n).
-6
Let f(b) = -b - 10. Let m be f(-14). Let o be (6/(-8))/(2/(-8)). Let n(d) = 4 + 0*d - o*d + 2*d. Calculate n(m).
0
Let y(x) be the third derivative of 0*x - 1/6*x**3 + 1/60*x**5 - 2*x**2 + 0 + 1/24*x**4. Calculate y(-4).
11
Let y(m) = m - 1. Let p = 7 - 10. Let z be y(p). Let u(o) = -o. What is u(z)?
4
Suppose r = -2*r - 4*m + 20, 2*m = -2*r + 10. Let b(l) = l**3 - l**2 - l + 11. Give b(r).
11
Let x(z) be the first derivative of z**2/2 + 8*z + 6. Determine x(0).
8
Suppose 0 = -2*n + 6 - 0. Let s = -6 + n. Let r(z) = 3*z + 6. Let d(k) = 1. Let t(c) = -2*d(c) + r(c). What is t(s)?
-5
Let m be (-38)/(-9) - (-20)/(-90). Suppose -12 = m*q - 4*g, 2*q + 4*g + 0*g - 24 = 0. Let z(s) = -4*s + 1. What is z(q)?
-7
Let i(q) = -q**2 + q + 1. Let p(k) = 10*k**2 + 29*k - 19. Let g(s) = -5*i(s) + p(s). Let f(h) = -3*h**2 - 5*h + 5. Let t(m) = -24*f(m) - 5*g(m). What is t(1)?
-3
Let f = -17 - -19. Let o(v) be the second derivative of